nd 680?
40
Calculate the highest common factor of 280 and 120.
40
Calculate the highest common divisor of 35 and 1055.
5
Calculate the highest common factor of 5632 and 88.
88
Calculate the greatest common factor of 234 and 36.
18
Calculate the highest common factor of 53 and 477.
53
What is the greatest common divisor of 60 and 60?
60
What is the highest common divisor of 10648 and 8?
8
What is the greatest common divisor of 160 and 5408?
32
Calculate the highest common divisor of 148 and 37.
37
What is the greatest common factor of 1102 and 76?
38
What is the highest common factor of 20 and 290?
10
Calculate the highest common divisor of 20 and 356.
4
What is the greatest common factor of 207 and 36?
9
Calculate the highest common factor of 2461 and 23.
23
Calculate the highest common divisor of 861 and 7872.
123
What is the greatest common factor of 4 and 5?
1
What is the greatest common factor of 261 and 18?
9
What is the highest common divisor of 60 and 13890?
30
Calculate the highest common divisor of 435 and 240.
15
What is the highest common divisor of 11 and 1991?
11
What is the greatest common divisor of 927 and 27?
9
What is the highest common divisor of 276 and 648?
12
What is the greatest common factor of 679 and 97?
97
What is the greatest common divisor of 61 and 5063?
61
What is the greatest common factor of 6 and 29196?
6
What is the highest common factor of 144 and 11592?
72
What is the highest common factor of 45 and 2865?
15
Calculate the highest common factor of 2652 and 612.
204
Calculate the greatest common factor of 832 and 78.
26
Calculate the greatest common divisor of 67 and 1675.
67
Calculate the greatest common divisor of 1133 and 1276.
11
What is the highest common factor of 15 and 140235?
15
What is the greatest common divisor of 46 and 1242?
46
What is the highest common divisor of 287 and 82?
41
Calculate the highest common factor of 364 and 4.
4
Calculate the greatest common divisor of 585 and 520.
65
Calculate the greatest common factor of 3 and 467.
1
Calculate the greatest common factor of 11868 and 84.
12
Calculate the highest common divisor of 18 and 126.
18
What is the highest common divisor of 14418 and 178?
178
Calculate the greatest common divisor of 74290 and 190.
190
What is the greatest common divisor of 70 and 21875?
35
What is the greatest common divisor of 4 and 2992?
4
What is the highest common divisor of 301 and 86?
43
Calculate the highest common factor of 97 and 6.
1
What is the greatest common divisor of 98 and 63?
7
Calculate the greatest common factor of 40 and 48.
8
What is the highest common factor of 30 and 405?
15
Calculate the highest common factor of 814 and 74.
74
Calculate the highest common factor of 22400 and 20.
20
What is the highest common divisor of 8473 and 111?
37
Calculate the highest common divisor of 2607 and 33.
33
Calculate the greatest common divisor of 568 and 24.
8
Calculate the greatest common factor of 3306 and 2523.
87
Calculate the greatest common factor of 57 and 8360.
19
What is the greatest common divisor of 198 and 432?
18
Calculate the greatest common divisor of 1403 and 46.
23
Calculate the greatest common divisor of 52 and 117.
13
What is the greatest common divisor of 5 and 3295?
5
Calculate the highest common factor of 35 and 630.
35
Calculate the highest common factor of 93 and 3813.
93
Calculate the greatest common divisor of 225 and 360.
45
Calculate the highest common factor of 275 and 1991.
11
What is the greatest common factor of 270 and 666?
18
What is the highest common factor of 116 and 2030?
58
What is the greatest common divisor of 10452 and 546?
78
Calculate the greatest common divisor of 110 and 2915.
55
Calculate the highest common factor of 87 and 1.
1
Calculate the greatest common factor of 376 and 88.
8
What is the highest common factor of 21 and 10486?
7
What is the highest common factor of 21 and 1526?
7
Calculate the highest common factor of 96 and 240.
48
Calculate the highest common divisor of 84 and 1092.
84
What is the greatest common factor of 1 and 314?
1
Calculate the highest common divisor of 38 and 50.
2
Calculate the greatest common divisor of 148 and 111.
37
What is the highest common divisor of 29 and 1218?
29
Calculate the highest common factor of 77 and 671.
11
What is the greatest common factor of 5625 and 54?
9
Calculate the greatest common divisor of 16 and 512.
16
Calculate the highest common divisor of 2020 and 460.
20
Calculate the highest common divisor of 23 and 184.
23
What is the greatest common divisor of 1518 and 594?
66
Calculate the highest common factor of 1924 and 1036.
148
Calculate the highest common divisor of 234 and 52.
26
What is the greatest common divisor of 180 and 100?
20
What is the greatest common divisor of 240 and 420?
60
Calculate the greatest common divisor of 153 and 207.
9
Calculate the greatest common factor of 75 and 2175.
75
Calculate the highest common divisor of 130 and 130.
130
What is the greatest common factor of 14 and 1876?
14
Calculate the greatest common divisor of 156 and 31668.
156
Calculate the highest common factor of 3584 and 168.
56
What is the greatest common factor of 18 and 144?
18
What is the greatest common divisor of 330 and 462?
66
Calculate the highest common divisor of 391 and 207.
23
What is the highest common divisor of 273 and 1344?
21
What is the highest common divisor of 177 and 1121?
59
Calculate the highest common divisor of 12 and 444.
12
Calculate the highest common divisor of 48 and 1956.
12
Calculate the highest common factor of 2420 and 15.
5
What is the greatest common divisor of 7 and 28?
7
Calculate the highest common factor of 31001 and 29.
29
Calculate the greatest common factor of 19206 and 396.
198
What is the highest common factor of 3 and 291?
3
What is the highest common factor of 1812 and 12?
12
Calculate the greatest common divisor of 30 and 4920.
30
What is the greatest common divisor of 1083 and 1368?
57
Calculate the highest common divisor of 471 and 6.
3
Calculate the highest common factor of 12 and 96.
12
Calculate the highest common factor of 1817 and 79.
79
What is the highest common factor of 245 and 105?
35
What is the greatest common factor of 52 and 871?
13
What is the greatest common divisor of 75 and 267?
3
What is the highest common divisor of 2301 and 413?
59
Calculate the highest common divisor of 45 and 3195.
45
What is the highest common factor of 442 and 208?
26
Calculate the highest common factor of 14 and 70.
14
What is the highest common factor of 47 and 423?
47
What is the greatest common divisor of 75 and 145?
5
Calculate the highest common factor of 1156 and 204.
68
Calculate the greatest common divisor of 14 and 567.
7
What is the highest common divisor of 21 and 5957?
7
Calculate the highest common divisor of 14137 and 67.
67
Calculate the highest common factor of 65 and 65.
65
What is the greatest common factor of 15 and 63?
3
What is the greatest common divisor of 52 and 780?
52
Calculate the highest common divisor of 49 and 1813.
49
Calculate the greatest common divisor of 1288 and 184.
184
What is the highest common divisor of 98 and 1274?
98
What is the highest common divisor of 18110 and 10?
10
Calculate the greatest common factor of 2 and 2.
2
Calculate the highest common factor of 66 and 3058.
22
What is the greatest common factor of 245 and 441?
49
Calculate the highest common factor of 28 and 28294.
14
Calculate the highest common factor of 14 and 217.
7
What is the greatest common divisor of 46 and 1863?
23
What is the highest common divisor of 48 and 300?
12
What is the highest common divisor of 256 and 56?
8
Calculate the highest common divisor of 109 and 4469.
109
What is the greatest common divisor of 2016 and 630?
126
What is the highest common factor of 506 and 138?
46
What is the highest common divisor of 40 and 40?
40
What is the highest common factor of 305 and 1342?
61
Calculate the highest common divisor of 3116 and 1292.
76
What is the greatest common divisor of 112 and 1148?
28
Calculate the highest common factor of 205 and 1763.
41
Calculate the greatest common divisor of 256 and 40.
8
Calculate the greatest common divisor of 78 and 18.
6
Calculate the highest common factor of 7